 multiple of 14?
False
Is 20 a factor of 46103?
False
Is 624 a multiple of 48?
True
Is 13 a factor of 25656?
False
Is 13 a factor of 1572?
False
Is 1441 a multiple of 15?
False
Is 4787 a multiple of 86?
False
Is 3817 a multiple of 45?
False
Does 16 divide 48000?
True
Is 37 a factor of 19113?
False
Does 2 divide 162?
True
Is 8496 a multiple of 24?
True
Is 12 a factor of 527?
False
Is 1340 a multiple of 129?
False
Does 11 divide 363?
True
Does 52 divide 14092?
True
Is 143 a factor of 4290?
True
Is 4650 a multiple of 25?
True
Is 56 a factor of 18475?
False
Is 2392 a multiple of 14?
False
Is 156 a multiple of 2?
True
Is 21 a factor of 10479?
True
Does 3 divide 14128?
False
Is 1465 a multiple of 20?
False
Does 13 divide 220?
False
Is 239 a multiple of 91?
False
Does 23 divide 1591?
False
Is 2229 a multiple of 15?
False
Does 16 divide 3136?
True
Is 27 a factor of 630?
False
Is 7 a factor of 22337?
True
Does 19 divide 4077?
False
Is 6 a factor of 522?
True
Is 2925 a multiple of 15?
True
Is 2448 a multiple of 18?
True
Is 8 a factor of 2096?
True
Is 81 a factor of 3790?
False
Is 65 a factor of 54492?
False
Does 25 divide 79525?
True
Is 19768 a multiple of 29?
False
Does 26 divide 2704?
True
Is 8 a factor of 8112?
True
Is 9 a factor of 8089?
False
Is 3 a factor of 452?
False
Does 26 divide 1264?
False
Is 41640 a multiple of 138?
False
Is 2385 a multiple of 42?
False
Does 37 divide 777?
True
Is 2 a factor of 533?
False
Is 1255 a multiple of 11?
False
Is 162 a multiple of 12?
False
Is 13 a factor of 2579?
False
Does 50 divide 2856?
False
Is 2 a factor of 1931?
False
Is 823 a multiple of 21?
False
Is 18 a factor of 149?
False
Does 152 divide 5054?
False
Is 29 a factor of 4946?
False
Does 37 divide 777?
True
Does 38 divide 1053?
False
Does 17 divide 1191?
False
Is 6230 a multiple of 10?
True
Is 75 a factor of 1608?
False
Does 4 divide 1649?
False
Is 338 a multiple of 4?
False
Is 1617 a multiple of 21?
True
Does 28 divide 56?
True
Is 12542 a multiple of 27?
False
Is 19 a factor of 185?
False
Is 3013 a multiple of 16?
False
Is 905 a multiple of 27?
False
Does 22 divide 17437?
False
Is 1026 a multiple of 76?
False
Is 7 a factor of 4426?
False
Is 430 even?
True
Does 26 divide 7979?
False
Does 7 divide 1085?
True
Does 15 divide 11031?
False
Is 38 a factor of 418?
True
Does 75 divide 2071?
False
Does 7 divide 57?
False
Is 96 a factor of 1632?
True
Does 18 divide 3188?
False
Is 10392 a multiple of 32?
False
Is 8991 a multiple of 27?
True
Is 868 a multiple of 14?
True
Does 38 divide 304?
True
Is 6 a factor of 846?
True
Is 134 a factor of 19759?
False
Is 9 a factor of 19547?
False
Is 5736 a multiple of 8?
True
Does 2 divide 1730?
True
Is 4977 a multiple of 30?
False
Does 39 divide 8697?
True
Is 197 a factor of 25154?
False
Is 3 a factor of 93?
True
Is 23001 a multiple of 31?
False
Is 3952 a multiple of 38?
True
Is 14018 a multiple of 160?
False
Is 25 a factor of 16344?
False
Is 220 a factor of 4595?
False
Is 45 a factor of 1005?
False
Does 13 divide 1521?
True
Is 1040 a multiple of 6?
False
Does 21 divide 1449?
True
Is 142 a factor of 1612?
False
Does 78 divide 10140?
True
Is 3043 a multiple of 14?
False
Is 222 a factor of 80808?
True
Is 45 a factor of 91235?
False
Is 30 a factor of 2427?
False
Does 75 divide 34656?
False
Is 12 a factor of 2928?
True
Does 10 divide 280?
True
Is 520 a multiple of 52?
True
Does 3 divide 22233?
True
Does 61 divide 125782?
True
Is 11 a factor of 27320?
False
Is 22995 a multiple of 315?
True
Is 15162 a multiple of 6?
True
Is 515 even?
False
Does 3 divide 209?
False
Is 1998 a multiple of 15?
False
Does 7 divide 469?
True
Is 45 a factor of 34920?
True
Is 45 a factor of 3808?
False
Is 836 a multiple of 19?
True
Is 7643 a multiple of 9?
False
Is 1518 a multiple of 69?
True
Does 23 divide 1311?
True
Is 13 a factor of 17264?
True
Does 59 divide 22420?
True
Is 162 a multiple of 2?
True
Is 16352 a multiple of 112?
True
Does 12 divide 39495?
False
Is 43 a factor of 22288?
False
Does 34 divide 748?
True
Is 696 a multiple of 46?
False
Is 14 a factor of 12048?
False
Does 25 divide 733?
False
Does 6 divide 180?
True
Is 738 a multiple of 18?
True
Is 3713 a multiple of 27?
False
Is 17 a factor of 1054?
True
Does 12 divide 3120?
True
Is 17 a factor of 2076?
False
Is 9 a factor of 26038?
False
Does 37 divide 6031?
True
Is 1270 a multiple of 10?
True
Is 5083 a multiple of 92?
False
Is 33693 a multiple of 134?
False
Is 18705 a multiple of 145?
True
Is 4095 a multiple of 65?
True
Does 13 divide 3276?
True
Does 2 divide 167?
False
Does 10 divide 110?
True
Does 59 divide 4779?
True
Does 187 divide 55539?
True
Does 146 divide 876?
True
Is 9324 a multiple of 18?
True
Does 90 divide 1890?
True
Does 15 divide 1155?
True
Is 5724 a multiple of 9?
True
Is 18720 a multiple of 208?
True
Is 5 a factor of 14677?
False
Does 33 divide 100?
False
Is 26 a factor of 825?
False
Is 59878 a multiple of 47?
True
Does 22 divide 1276?
True
Does 17 divide 1060?
False
Does 23 divide 6693?
True
Does 6 divide 2256?
True
Is 26775 a multiple of 37?
False
Does 4 divide 9706?
False
Is 17 a multiple of 2?
False
Is 9128 a multiple of 14?
True
Is 36 a factor of 23869?
False
Does 7 divide 47259?
False
Is 223 a multiple of 6?
False
Does 28 divide 2060?
False
Is 1702 a multiple of 23?
True
Does 22 divide 3616?
False
Is 25 a factor of 4610?
False
Does 3 divide 1833?
True
Is 128 a factor of 626?
False
Is 6 a factor of 250?
False
Is 18 a factor of 1530?
True
Is 31455 a multiple of 33?
False
Is 142 a factor of 26962?
False
Is 1742 a multiple of 26?
True
Is 2832 a multiple of 16?
True
Is 11790 a multiple of 30?
True
Is 9032 a multiple of 16?
False
Is 4 a factor of 408?
True
Does 3 divide 363?
True
Is 2 a factor of 2299?
False
Is 59 a factor of 29546?
False
Does 14 divide 420?
True
Is 35936 a multiple of 32?
True
Is 1431 a multiple of 48?
False
Is 49 a multiple of 5?
False
Does 7 divide 3634?
False
Is 11 a factor of 18106?
True
Does 17 divide 1173?
True
Is 48 a factor of 3408?
True
Is 15 a factor of 300?
True
Is 2580 a multiple of 15?
True
Is 2 a factor of 67?
False
Does 48 divide 115?
False
Is 12 a factor of 1164?
True
Is 1044 a multiple of 87?
True
Does 8 divide 3048?
True
Does 44 divide 62451?
False
Does 3 divide 352?
False
Is 77 a factor of 19712?
True
Is 680 a multiple of 17?
True
Does 68 divide 68?
True
Does 226 divide 30284?
True
Is 14600 a multiple of 146?
True
Does 20 divide 4184?
False
Is 8296 a multiple of 8?
True
Is 6 a factor of 17114?
False
Is 21 a factor of 2037?
True
Is 53 a factor of 2067?
True
Is 2 a factor of 123?
False
Does 11 divide 888?
False
Does 8 divide 14266?
False
Is 174 a factor of 2512?
False
Is 27 a factor of 44334?
True
Does 4 divide 216?
True
Is 4 a factor of 17296?
True
Is 1872 a multiple of 144?
True
Is 41 a factor of 3854?
True
Is 79 a multiple of 3?
False
Is 36 a factor of 1615?
False
Does 10 divide 4700?
True
Is 10320 a multiple of 43?
True
Does 10 divide 1310?
True
Does 22 divide 4774?
True
Does 50 divide 1150?
True
Is 15420 a multiple of 166?
False
Does 20 divide 9212?
False
Is 372 a multiple of 12?
True
Is 1551 a multiple of 13?
False
Does 3 divide 5546?
False
Does 16 divide 2704?
True
Is 833 a multiple of 3?
False
Does 11 divide 3806?
True
Does 19 divide 3344?
True
Does 50 divide 8650?
True
Does 24 divide 124902?
False
Does 10 divide 4400?
True
Is 1607 a multiple of 13?
False
Is 792 a multiple of 22?
True
Does 17 divide 1326?
True
Is 112 a factor of 8512?
True
Does 9 divide 207?
True
Is 430 a multiple of 37?
False
Is 6 a factor of 354?
True
Does 128 divide 6016?
True
Is 1305 a multiple of 45?
True
Is 20981 a multiple of 49?
False
Is 27 a multiple of 2?
False
Does 8 divide 680?
True
Does 4 divide 972?
True
Is 2981 even?
False
Does 72 divide 938?
False
Does 15 divide 1575?
True
Is 18 a factor of 1472?
False
Is 4017 a multiple of 13?
True
Is 3952 a multiple of 29?
False
Is 16 a factor of 115034?
False
Does 5 divide 2832?
False
Is 1700 a multiple of 68?
True
Does 17 divide 85?
True
Is 24 a factor of 744?
True
Does 2 divide 87?
False
Does 53 divide 954?
True
Is 1217 a multiple of 4?
False
Is 16 a factor of 843?
False
Is 7 a factor of 28?
True
Is 9 a factor of 810?
True
Is 4 a factor of 7917?
False
Does 14 divide 5400?
False
Is 29 a factor of 9773?
True
Does 5 